pose 6*p + 1 = 31. List the prime factors of (6 - p) + (-447)/(-3).
2, 3, 5
Suppose 632863 = -47*c + 1303208 + 1118522. What are the prime factors of c?
3, 4229
Let m = 7 - -5. Suppose 2*s + s + m = 0. What are the prime factors of 1521/36 - (-1)/s?
2, 3, 7
Let b(v) = v**2 + v - 2. Let p be b(-3). Suppose p*h + 242 + 98 = 0. Let s = 135 + h. What are the prime factors of s?
2, 5
Let s(c) = 43*c - 1. Let l be s(3). Let k(j) = 108*j + 1481. Let p be k(-14). Let n = l - p. List the prime factors of n.
3, 53
Suppose -134 = -3*d + 3*n + 190, -d + 2*n = -112. Suppose d = -t + 5*t. Suppose -t*x = -29*x + 243. What are the prime factors of x?
3
Let s(n) = n**2 - 3*n. Let h be s(4). Suppose 4*u - 420 = h*b, -3*b = -4*u - 5*b + 438. List the prime factors of u.
2, 3
Let v = 934 - -839. Let z = -902 + v. List the prime factors of z.
13, 67
Suppose -3*m = -1316 + 497. Let h = 517 - m. List the prime factors of h.
2, 61
List the prime factors of 148900/18 + 7/(63/(-2)).
2, 11, 47
Suppose -p + 21186 = 2*x, -2*x + 12324 = -5*p - 8862. What are the prime factors of x?
3, 11, 107
Let w = 68 + -66. Let h be (8 + -7 - 683) + -1 + w. Let g = -471 - h. List the prime factors of g.
2, 3, 5, 7
Let f(r) be the second derivative of -r**4/12 - 4*r**3/3 + 23*r**2/2 + r + 1. Let v(d) = d**2 + 1. Let u(w) = -f(w) + 2*v(w). List the prime factors of u(4).
59
Let r = -14 + 12. Let q be -2 - (r + -1 + -1) - -153. Suppose -3*c + q + 190 = 0. List the prime factors of c.
5, 23
What are the prime factors of (13 + -235303)/(-33) - (1 - 0)?
7129
Let j(v) = -7*v + 4 + 4*v + 2*v + 2. Let p be j(6). Suppose p = -g - 5*a - 3, -2*g - a - 3*a = 0. What are the prime factors of g?
2
Let z = -7 - -9. Let h be (-2 - (z - 7))*(-3 + 177). Suppose 5*w + j - 644 = 5, 2*j + h = 4*w. What are the prime factors of w?
2, 5, 13
Suppose h = t - 2, 5*h - t - 7 = -13. List the prime factors of 4 - ((-5)/h - 240).
239
Let i = 9263 - 160. What are the prime factors of i?
9103
Let m(n) = n + 24. Let a be m(-20). Suppose l + 5*d = 2, 5*d = a*l + 1 - 9. Suppose -l = -v + 6. What are the prime factors of v?
2
Let o(a) = -1067*a + 40735. What are the prime factors of o(0)?
5, 8147
Let l(n) = n**3 + 11*n**2 - 15*n - 8. Let g = -13 - -29. Let k be (g/10)/(0 - (-8)/(-60)). What are the prime factors of l(k)?
2, 7
Let f(t) = -6*t + 6. Let h = -28 - -34. Let z be f(h). List the prime factors of 6842/143 + (z/(-26) - 1).
2, 3
Suppose 451*o = 6157044 + 8845266 - 4080443. List the prime factors of o.
61, 397
Let h(y) = y**2 + 28*y + 101. Let t be h(-24). Suppose 0 = -t*d + 4*q + 3117, -3*d + 7*d - 3*q - 2494 = 0. What are the prime factors of d?
5
Let n(w) = -w**2 - 106*w + 172. List the prime factors of n(-44).
2, 5, 29
Let r be (-5)/(-3) + (-21)/(-63). Suppose 0*n + r*y + 2748 = 2*n, 3*y + 5498 = 4*n. What are the prime factors of n?
2, 43
Let j(c) = c**3 - 2*c - 4. Let g = -50 - -56. Let x be j(g). Let y = x + -136. List the prime factors of y.
2
Suppose 0 = -131*m - 138*m + 275*m - 21144. What are the prime factors of m?
2, 881
Let q(x) = 6*x + 25. Let d(f) be the first derivative of 7*f**2/2 + 27*f + 30. Let r(h) = -3*d(h) + 2*q(h). What are the prime factors of r(-6)?
23
Suppose g = 5*v + 434, 2*v + 0*v - 1319 = -3*g. Suppose 3*y = 1076 + g. What are the prime factors of y?
5, 101
Suppose 3*m + 113119 = 5*k - 217274, 66105 = k - 5*m. List the prime factors of k.
3, 5, 881
Suppose 5*d + 2*m - 18 = 0, -2*d - 8 + 0 = -3*m. Suppose 3*t - 8 = -d. What are the prime factors of t/(-6) + (-1055)/(-15)?
2, 5, 7
Let s(l) be the second derivative of 13/2*l**3 + 40*l + 0 + 4*l**2. List the prime factors of s(5).
7, 29
Let k = 255 + -143. Let r = k - 110. What are the prime factors of 14816/72 + r/9?
2, 103
Let q be 4 - (-382)/14 - 2/7. Let h = 35 - q. Let o(g) = 2*g**2 - 6*g + 2. List the prime factors of o(h).
2, 5
Let n(a) = -a**2 - 6*a + 23. Let v be n(-8). Suppose x - 9 = v. Suppose -r + x = -2. What are the prime factors of r?
2, 3
Suppose -o = 2*m - 67015, 4*m - 2*o = 27892 + 106158. What are the prime factors of m?
2, 3, 5, 1117
Suppose 4*n + 84 = 228. Let w be 3/(n/88) - (-8)/12. Suppose 4*a + 76 = w*a. What are the prime factors of a?
19
Suppose -44*u = -31044 - 7236. What are the prime factors of u?
2, 3, 5, 29
Suppose 32*o - 36*o = -672. Suppose 10*h - 3*i = 6*h + 597, -3*i + o = h. List the prime factors of h.
3, 17
Suppose 0 = 32*b - 34*b - 5*o + 47547, -3*o = b - 23775. List the prime factors of b.
2, 3, 17, 233
Suppose c - 3503 = 1155*o - 1154*o, -3504 = -c + 2*o. List the prime factors of c.
2, 17, 103
Suppose 0 = -7*x + 2*x + 4*k + 14683, 0 = x + 5*k - 2925. Let l = x + -2078. List the prime factors of l.
857
Suppose 656 = -z + 1205. List the prime factors of z.
3, 61
Let h be (-11082)/33 + (-20)/110. Let i = h + 637. List the prime factors of i.
7, 43
Suppose 6*z = -17*z - 37099. Let i = -780 - z. List the prime factors of i.
7, 17
Suppose -y + 20 = 3*y. Suppose -354 = -4*o - y*a + 3*a, 2*a = 3*o - 248. What are the prime factors of 2 + o + 1 - 4?
5, 17
Suppose 90*d - 11697411 = -629*d. List the prime factors of d.
3, 11, 17, 29
Let p(o) = o**3 + 12*o**2 - o - 11. Let q be p(-12). Let a be (11 + -16)*(2 - q). Let v(y) = -18*y + 9. List the prime factors of v(a).
3, 11
Let x = 47116 + 2964. List the prime factors of x.
2, 5, 313
What are the prime factors of (-16)/56 + (-41822)/(-14)?
29, 103
Suppose -66*o = -40*o - 100932. List the prime factors of o.
2, 3, 647
Let j(y) = y**3 + 26*y**2 + 20*y - 13. Let o(b) = -b - 8. Let u be o(16). List the prime factors of j(u).
659
Let m = -44703 - -27647. What are the prime factors of m/(-42) + 13/((-2184)/16)?
2, 7, 29
Suppose -1720511 = -58*g - 383132 + 547621. What are the prime factors of g?
2, 5, 13
List the prime factors of 1176972/18 - 5 - 18/54.
2, 3, 17, 641
Let i be ((-11)/(-33))/(2/5604). Suppose -9*b = i - 8161. List the prime factors of b.
11, 73
Suppose 88*p = 89*p - 2919. Suppose 5*c - p = 101. List the prime factors of c.
2, 151
Suppose 1066*h - 1064*h - 17930 = 0. List the prime factors of h.
5, 11, 163
Suppose -h + 3*u - 12 = -3, u - 13 = -3*h. List the prime factors of 0 + h*(-4 + 130).
2, 3, 7
Let r be (-50 - 0)/(36/(-558)). Let q = r + -292. List the prime factors of q.
3, 7, 23
Let w(s) = 4*s**2 + 28*s + 18. Let p be ((-24)/7)/(6 - (-205)/(-35)). Let u be w(p). Suppose u = 8*j - 686. What are the prime factors of j?
2, 73
Suppose -4*v - h + 7 + 14 = 0, -2*v = -4*h - 6. Suppose n + 500 = q, 512 = -30*q + 31*q - v*n. List the prime factors of q.
7, 71
Let h = 79094 + -45547. What are the prime factors of h?
33547
Let t be -9*(-3 + (-32)/(-12)). Suppose 2755 - 221 = 2*v + t*r, -3*r = -3*v + 3786. What are the prime factors of v?
2, 79
Let j(r) = -2*r**2 - 27*r + 8. Let f be j(-13). List the prime factors of 4/14 - (-5202)/f.
2, 31
Let q = -53059 + 100783. List the prime factors of q.
2, 3, 41, 97
Suppose 0 = -2*d + f - 4889, -2*d = -19*f + 24*f + 4919. What are the prime factors of d/(-8) - 5/(-40)?
2, 3, 17
Let f(j) = 1725*j**3 + j**2 - j + 1. Let k be f(1). Suppose 0 = 9*l - k - 353. List the prime factors of l.
3, 7, 11
Let b(t) = -t**3 - 10*t**2 - 4*t - 13. Suppose a + 2*a = 180. Suppose -4*w = 2*w + a. List the prime factors of b(w).
3
Suppose 160 = -5*k + 5720. List the prime factors of k.
2, 139
Let a(z) = -32*z + 16. Let j be a(-12). Suppose -3*n = -13*n + j. List the prime factors of n.
2, 5
Let j(v) = -4*v**2 + 5*v - 2. Let t be j(2). What are the prime factors of 2/t - 104070/(-120)?
3, 17
Suppose -5713 = -3*s - 5*k, 3767 = 8*s - 6*s - 5*k. Let l = s + -1130. List the prime factors of l.
2, 383
Let d(j) = j**2 + 40*j - 360. Let i be d(8). Suppose 0 = -i*z + 1770 + 17622. List the prime factors of z.
2, 101
Suppose -14036 = -4*y - 3*i + 97751, 111802 = 4*y - 2*i. What are the prime factors of y?
19, 1471
Suppose 4*d - 32*j - 61492 = -29*j, -d = 2*j - 15384. List the prime factors of d.
2, 31
Suppose -6*p = -2*m - 129640, -86424 = 3*p - 7*p + m. What are the prime factors of p?
2, 11, 491
Suppose 3*f + 2*x = 30210, -x = -15*f + 13*f + 20126. List the prime factors of f.
2, 7, 719
Let f(p) be the third derivative of p**5/40 - 7*p**4/6 - 4*p**3 + 7*p**2. Let y(r) be the first derivative of f(r). What are the prime factors of y(11)?
5
